-5 = -z + o. Let r be (z - 5) + (-3)/6*6. What is l(r)?
-8
Let u(j) be the second derivative of 5*j**3/3 + 16*j**2 - 642*j. Give u(-3).
2
Suppose 12 = 3*d - 156. Suppose 12*h + 32 = d. Let b(q) = -7*q**2 - 3*q**2 + 3*q + 4*q**2. Give b(h).
-18
Let w(i) = -367*i**2 - 10*i - 4. Let r(g) = -6117*g**2 - 168*g - 66. Let t(y) = -3*r(y) + 50*w(y). Suppose -5*d - 5*m = 0, -3*m + 7 + 1 = d. Give t(d).
-2
Let g = 1 - -5. Let s = -74 - -69. Let d(b) = -4*b**2 - 15*b + 1. Let v(x) = 3*x**2 + 10*x - 1. Let y(i) = s*d(i) - 7*v(i). Calculate y(g).
-4
Suppose r - 59 = 4*c, 19*c - 5*r + 39 = 15*c. Let w(s) = -10*s - 150. Determine w(c).
10
Let f(c) = c**2 + 46*c - 192. Let o be f(-50). Let q(l) = l - 8. Calculate q(o).
0
Suppose 2*y - 3*z = 13, z - 43 + 26 = -2*y. Let u(b) = -8*b + 59. Give u(y).
-5
Suppose -35 = -5*k - 0*k. Let b(q) = 7*q**2 + 292*q - 1. Let x(r) = -17*r**2 - 699*r + 3. Let w(m) = -12*b(m) - 5*x(m). Give w(k).
-17
Let i(o) = -4*o**3 - 29*o**2 - 9*o - 21. Suppose -2*x + 33 = 617*v - 622*v, 5*x = 4*v + 23. Give i(v).
-7
Let r(c) = 0*c + 1 + 0 - 3*c. Suppose 2*a - 3*a + 3*n + 96 = 0, -n = -1. Let x be ((-18)/10)/(a/(-165)). What is r(x)?
-8
Let j(p) be the first derivative of -p**4/12 + 5*p**3/3 - 3*p**2/2 + 143*p + 290. Let o(u) be the first derivative of j(u). Determine o(10).
-3
Suppose b - 2*z + 3 = 0, 7*b - 3*z + 1 = 2*b. Suppose 86 = 5*f + 4*h, -f + 3*h - 82 = -6*f. Let r(p) = -p - f*p**3 + 2*p - 1 + 32*p**3. Determine r(b).
18
Let w(f) be the first derivative of f**4/4 - f**3 - 5*f**2 + 2*f + 355. Calculate w(5).
2
Suppose -k = h - 1498 + 1491, -k + 1 = -h. Let a(g) be the second derivative of -g**5/20 + g**4/3 - g**3/2 - 3*g**2/2 - g. Give a(h).
-3
Let h(o) = o**3 - 4*o**2 + 2*o + 3. Let f be (-35 + 1)*(-4)/8. Let g(c) = -c + 36. Let k be g(f). Suppose -x + k = 16. Determine h(x).
0
Let p be 2/(-4) - (-168)/(-48). Let z(f) = -f**2 + f + 22. Let d be z(5). Let l(y) = -1 + 2*y - 10*y + 4*y**d - 5*y**2. Calculate l(p).
15
Let c(p) = -3*p + 47. Let k be 60/4*(-6)/15. Let v(g) = 13 - 12 + 15 - g. Let n(y) = k*c(y) + 17*v(y). Give n(6).
-4
Let h(x) = 3*x**3 - 3*x**2 - 6*x + 3. Let r(m) = 2*m**3 + 2*m + 2. Let t(n) = -h(n) + r(n). Give t(-2).
3
Let x(t) = -2*t**3 + 5*t**2 + 5*t - 10. Suppose 117*d + 28*d = -48*d + 965. Calculate x(d).
-110
Let d(l) = l**2 + 11*l + 11. Let n(b) = -b**2 + 6*b + 81. Let u be (10 + -10 + (-6 - 1))*1. Let w be n(u). Give d(w).
1
Let s(f) = 9*f + 16. Let r(j) = -j**2 + 17*j + 53. Let p be r(20). Give s(p).
-47
Let s(k) = -k**2 - 8*k. Let l(m) = 41*m + 277. Let g = 220 + -227. Let c be l(g). Determine s(c).
-20
Let d(x) = -x**2 + 0*x**2 + 6473 - 6470 - 6*x. Let b be -8 + (1 - -1)/(-2) + 2. Determine d(b).
-4
Let n(r) = -r**2 + 4*r - 2. Let p be 2/(-1) + 3 - -1. Let f be n(p). Let g(m) be the second derivative of 2*m**3/3 - m**2 - 3*m + 2. Determine g(f).
6
Let y be (-66)/4*32/48. Let h(w) = 16*w**2 - 16*w - 25. Let s(f) = 3*f**2 - 3*f - 5. Let a(o) = y*s(o) + 2*h(o). Determine a(5).
-15
Let b be (-10)/90*6 - 1/3. Let p(h) = -h**3 - h. Let g(y) = -4*y**3 - 5*y**2 + 4*y - 5. Let u(z) = b*g(z) + 5*p(z). What is u(3)?
-4
Let k(g) = -5*g - 1. Let y(r) = 8*r + 1. Let n(x) = 5*k(x) + 3*y(x). Suppose -9 = -3*q + p, 5*p - 12 = p. Let j be 3 - (-1 - -2*q). Determine n(j).
2
Let h(i) = 2*i**2 - 11*i - 57. Let o be h(11). Let y(g) = o*g - 65*g - 67 + 77. Give y(10).
0
Let v(j) = 3*j**2 + 125*j + 985. Let t be v(-31). Let g(b) = -17*b - 101. What is g(t)?
18
Let a(u) = 5*u - u + u - u + u + 43. Give a(-10).
-7
Let v(n) be the second derivative of -n**3/2 + 29*n**2 + 1236*n - 2. What is v(23)?
-11
Let j = -5 + 2. Let b(i) = -i**3 + 8*i**2 - 43*i - 6. Let z(q) = q**3 - 10*q**2 + 50*q + 7. Let a(r) = -7*b(r) - 6*z(r). Determine a(j).
6
Suppose -10*a + 196 - 438 = -342. Let n(c) = 13*c**2 - 134*c + 38. What is n(a)?
-2
Suppose -14*f = -12*f + k - 7, 3*f - 5*k + 9 = 0. Let z(u) = 10*u**2 + 6*u**2 - 23*u**f + 6*u**2 + 2 + 7*u. Give z(7).
2
Let t(n) be the second derivative of -n**3/3 - 21*n**2/2 + 9464*n. Give t(-15).
9
Let m be ((-15)/20 - 0)/(3/36). Let x(d) = 2*d + 4. Let a(w) = 8*w + 15. Let b(o) = m*x(o) + 2*a(o). Calculate b(-7).
8
Suppose 27*d - 294 = 34*d. Let l be (-196)/d - 2/(-6). Let q(p) = -p**2 + 5*p + 2. Determine q(l).
2
Let k = 5 - 6. Let m(w) be the first derivative of -2*w**6/15 - w**5/30 + w**3/6 - 3*w**2/2 - 16*w + 149. Let s(d) be the second derivative of m(d). Give s(k).
15
Let y(m) = m**3 - 9*m**2 + 9*m - 5. Let z be y(8). Let j(l) = 2*l**2 - l - 13. Let x be j(z). Let s(f) = -6*f**2 - f - 2. Calculate s(x).
-28
Let o(q) = 13*q**3 + 22*q + 25. Let y = 508 + -510. Let l(n) = -3*n**3 - 5*n - 6. Let b(d) = y*o(d) - 9*l(d). What is b(0)?
4
Let m(a) = -9*a**2 - 109*a + 6 - 14*a**2 - 10*a**2 + 120*a + 32*a**2. Suppose -2*n = -k - 93, 3*k + 20 - 181 = -4*n. Suppose 3*b + b - n = 0. Determine m(b).
6
Let g(y) = y**2 - 15*y + 6. Let q(d) = d**2 - 16*d + 5. Let r(t) = 5*g(t) - 4*q(t). Let l = 137 - 137. Let x be (14/21 - (-19)/3) + l. Calculate r(x).
-18
Let u(r) be the second derivative of r**3/3 + r**2 - 725*r. Let d(g) = g**2 + 2*g. Let f be d(-3). Suppose 1 - 13 = -f*w. Calculate u(w).
10
Suppose 0 = 5*p - o - 51, -3*p + 31 = -0*p - o. Let v(m) = p*m + 9*m - 32*m + 9*m. Calculate v(-1).
4
Let g be (42/(-36) - (-4)/6)*(-168)/28. Suppose 2*z + 4 - 6 = 0. Let r(c) = 1 + z - 6 + 3*c. Determine r(g).
5
Let z(r) = -2*r**2 + 2*r - 3. Suppose -12 = -28*g + 22*g. Suppose g*b = 3*x - 28, b + 3 = 3*x + 4*b. Suppose -k + a = -x, -5*a = -k - 0*k + 22. What is z(k)?
-7
Let q be 8 + -4 + 0 - -1. Suppose -4*o = -q*b - 12, 2*o - 3*o = -3*b + 4. Let x(v) = v**3 - 7*v**2 - 8*v - 1. What is x(o)?
-1
Let o(x) = -x**2 - 12*x - 18. Suppose 9*w - 26*w = 30*w + 705. What is o(w)?
-63
Suppose -r - 13 = -12*f + 7*f, -4*f - 7 = 5*r. Suppose -z + f*u - 6 = 0, 3*z - 5*u = -0*u - 18. Let v(j) = 2*j - 6. What is v(z)?
-18
Let v(s) = -s**2 - 3*s + 1. Suppose -4*h + 86 = -66. Suppose 90 = 41*j - h*j. Suppose 4 = f, -3*f - 3 = -3*k - j. Determine v(k).
-9
Suppose 4*g = u + 41, 2*u + 37 = 2*g + 7*u. Suppose 5*t - t + 9 = n, 3*t - 5*n + g = 0. Let v(h) = 5*h + 9. Calculate v(t).
-1
Let a = -219 - -222. Let u be a/(-18)*-3*(4 + -4). Let c(d) = d - 6. Calculate c(u).
-6
Let f(n) = -3*n**2 - 7*n + 3. Let p(v) = 8*v**2 + 20*v - 8. Let d(s) = -s**2 - 2. Let l be d(3). Let m(r) = l*f(r) - 4*p(r). What is m(-1)?
3
Let f(s) = -26*s - 3. Suppose 0 = 3*d + 53*l - 56*l + 18, 5*d + 2*l - 12 = 0. Give f(d).
-3
Suppose -s + 3*s = 8. Suppose o - 11 = -s*f - f, -2*o - f = -67. Let q(n) = 23*n - o*n - 4 + 17*n - n**2. What is q(5)?
-9
Let z(o) be the first derivative of o**4/24 + 11*o**3/6 - 38*o**2 - 62. Let p(g) be the second derivative of z(g). Calculate p(-8).
3
Let n(r) = r**2 - 26*r + 74. Let l(t) = t**2 - 29*t + 77. Let k(s) = -3*l(s) + 4*n(s). Give k(8).
-7
Suppose r - 10*v + 6*v = 27, -150 = -4*r - 5*v. Suppose -4*y - y - m = 35, -2*m - r = 5*y. Let d(z) = 4*z + 17. Give d(y).
-11
Let x(p) = 166 - 168 - 35931*p + 35932*p. Let o(v) = -v**2 + v + 1. Let k be o(-1). Calculate x(k).
-3
Let c be -11 + (3 - 2) + 2. Let x(z) = -74*z + 47. Let i(p) = -59*p + 40. Let v(y) = 5*i(y) - 4*x(y). Determine v(c).
4
Let s(v) be the second derivative of -v**4/12 + v**3/6 + 1796*v. Suppose 0 = -3*z + 43 - 34. What is s(z)?
-6
Let t = 466 - 462. Let o(x) = 20*x - 7*x + t*x + 2. Calculate o(2).
36
Let x(f) = 19*f - 99. Let o be x(7). Suppose 0 = -2*y + 5*d - 3, -3*y - 37*d + o*d = 15. Let n(v) = -4*v - 3. Calculate n(y).
13
Suppose 5*p + 7456 = -58*p - 170*p. Let u(z) = 10*z + 327. Calculate u(p).
7
Let q(l) = l**2 - 5*l - 2. Let x(f) = 2*f**2 + 4*f - 1. Let a = -62 - -100. Suppose -9 = 41*v - a*v. Let z be x(v). Calculate q(z).
-2
Suppose -4*k = -4*a + 93 - 21, 2*k - 3*a + 41 = 0. Let p(c) = -c**3 - 2830*c**2 - c - 5 - 2 + 2817*c**2. Calculate p(k).
6
Let i(y) = 11*y**2 + 9*y + 54. Let z(t) = -24*t**2 - 17*t - 117. Let g(c) = -13*i(c) - 6*z(c). What is g(13)?
-26
Let y(j) = j**3 + 8*j**2 - 2*j - 2. Let b = 8994 + -9001. What is y(b)?
61
Let n(i) = 61*i**2 - 15*i + 11. Let m(d) = -31*d**2 - d - 2. Let p(t) = -2*m(t) - n(t). Determine p(-19).
31
Let a(d) = -76*d + 189. Let y be a(-9). Let k = y + -873. Let g(x) = -x**3 - 2*x + 11. Give g(k).
11
Let g(q) = 23*q - 16*q**2 - 15*q**2